lculate the remainder when 122 is divided by 37.
11
What is the remainder when 289 is divided by 99?
91
What is the remainder when 105 is divided by 64?
41
Calculate the remainder when 155 is divided by 22.
1
Calculate the remainder when 455 is divided by 36.
23
What is the remainder when 486 is divided by 162?
0
Calculate the remainder when 43 is divided by 24.
19
Calculate the remainder when 132 is divided by 65.
2
Calculate the remainder when 1325 is divided by 8.
5
Calculate the remainder when 408 is divided by 196.
16
Calculate the remainder when 123 is divided by 77.
46
Calculate the remainder when 2079 is divided by 80.
79
What is the remainder when 362 is divided by 73?
70
Calculate the remainder when 28 is divided by 25.
3
Calculate the remainder when 282 is divided by 74.
60
What is the remainder when 378 is divided by 48?
42
What is the remainder when 2078 is divided by 140?
118
What is the remainder when 123 is divided by 33?
24
What is the remainder when 358 is divided by 12?
10
What is the remainder when 8651 is divided by 17?
15
Calculate the remainder when 770 is divided by 95.
10
What is the remainder when 718 is divided by 18?
16
Calculate the remainder when 249 is divided by 60.
9
What is the remainder when 730 is divided by 344?
42
What is the remainder when 439 is divided by 118?
85
What is the remainder when 995 is divided by 201?
191
What is the remainder when 303 is divided by 300?
3
Calculate the remainder when 236 is divided by 21.
5
What is the remainder when 414 is divided by 16?
14
What is the remainder when 180 is divided by 91?
89
Calculate the remainder when 26 is divided by 26.
0
Calculate the remainder when 1998 is divided by 20.
18
What is the remainder when 495 is divided by 71?
69
What is the remainder when 243 is divided by 79?
6
What is the remainder when 245 is divided by 84?
77
What is the remainder when 224 is divided by 96?
32
What is the remainder when 632 is divided by 72?
56
Calculate the remainder when 2938 is divided by 84.
82
What is the remainder when 1495 is divided by 365?
35
What is the remainder when 314 is divided by 64?
58
Calculate the remainder when 4045 is divided by 289.
288
What is the remainder when 541 is divided by 21?
16
What is the remainder when 942 is divided by 4?
2
What is the remainder when 613 is divided by 14?
11
What is the remainder when 2843 is divided by 7?
1
What is the remainder when 111551 is divided by 34?
31
What is the remainder when 650 is divided by 113?
85
What is the remainder when 31 is divided by 12?
7
What is the remainder when 345 is divided by 105?
30
Calculate the remainder when 95 is divided by 6.
5
Calculate the remainder when 19819 is divided by 10.
9
Calculate the remainder when 89 is divided by 46.
43
Calculate the remainder when 138 is divided by 53.
32
Calculate the remainder when 563 is divided by 184.
11
Calculate the remainder when 197 is divided by 66.
65
Calculate the remainder when 95 is divided by 14.
11
What is the remainder when 1869 is divided by 312?
309
Calculate the remainder when 589 is divided by 202.
185
What is the remainder when 85 is divided by 76?
9
What is the remainder when 8 is divided by 5?
3
What is the remainder when 150 is divided by 54?
42
Calculate the remainder when 108 is divided by 9.
0
Calculate the remainder when 122 is divided by 19.
8
What is the remainder when 354 is divided by 205?
149
Calculate the remainder when 2479 is divided by 62.
61
What is the remainder when 445 is divided by 80?
45
Calculate the remainder when 3174 is divided by 8.
6
Calculate the remainder when 415 is divided by 60.
55
What is the remainder when 2624 is divided by 37?
34
Calculate the remainder when 496 is divided by 164.
4
Calculate the remainder when 412 is divided by 26.
22
Calculate the remainder when 197 is divided by 27.
8
What is the remainder when 131 is divided by 24?
11
What is the remainder when 3386 is divided by 154?
152
What is the remainder when 1157 is divided by 117?
104
What is the remainder when 1687 is divided by 81?
67
Calculate the remainder when 383 is divided by 13.
6
What is the remainder when 176 is divided by 18?
14
What is the remainder when 211 is divided by 98?
15
Calculate the remainder when 725 is divided by 11.
10
What is the remainder when 50 is divided by 26?
24
Calculate the remainder when 245 is divided by 119.
7
What is the remainder when 79 is divided by 32?
15
What is the remainder when 3206 is divided by 56?
14
Calculate the remainder when 127 is divided by 109.
18
What is the remainder when 18 is divided by 6?
0
What is the remainder when 60 is divided by 25?
10
What is the remainder when 120 is divided by 42?
36
Calculate the remainder when 110 is divided by 4.
2
What is the remainder when 234 is divided by 24?
18
Calculate the remainder when 142 is divided by 8.
6
Calculate the remainder when 84 is divided by 14.
0
Calculate the remainder when 210 is divided by 54.
48
What is the remainder when 11851 is divided by 48?
43
Calculate the remainder when 197 is divided by 6.
5
Calculate the remainder when 63 is divided by 17.
12
Calculate the remainder when 310 is divided by 77.
2
Calculate the remainder when 271 is divided by 34.
33
Calculate the remainder when 91 is divided by 7.
0
What is the remainder when 118 is divided by 8?
6
What is the remainder when 815 is divided by 8?
7
Calculate the remainder when 397 is divided by 10.
7
What is the remainder when 1391 is divided by 7?
5
What is the remainder when 54113 is divided by 137?
135
What is the remainder when 1677 is divided by 33?
27
Calculate the remainder when 152 is divided by 59.
34
What is the remainder when 765 is divided by 106?
23
What is the remainder when 193 is divided by 49?
46
What is the remainder when 5002 is divided by 456?
442
What is the remainder when 581 is divided by 170?
71
Calculate the remainder when 291 is divided by 236.
55
What is the remainder when 766 is divided by 753?
13
What is the remainder when 2907 is divided by 41?
37
Calculate the remainder when 1064 is divided by 269.
257
What is the remainder when 99 is divided by 40?
19
Calculate the remainder when 3381 is divided by 6.
3
What is the remainder when 1347 is divided by 300?
147
Calculate the remainder when 2068 is divided by 2062.
6
What is the remainder when 267 is divided by 74?
45
Calculate the remainder when 808 is divided by 90.
88
What is the remainder when 718 is divided by 348?
22
Calculate the remainder when 271 is divided by 20.
11
Calculate the remainder when 221 is divided by 16.
13
What is the remainder when 7839 is divided by 56?
55
What is the remainder when 13733 is divided by 14?
13
What is the remainder when 9844 is divided by 3281?
1
Calculate the remainder when 489 is divided by 95.
14
Calculate the remainder when 2247 is divided by 18.
15
What is the remainder when 115 is divided by 13?
11
What is the remainder when 108 is divided by 16?
12
What is the remainder when 70 is divided by 17?
2
Calculate the remainder when 62 is divided by 21.
20
Calculate the remainder when 34 is divided by 15.
4
What is the remainder when 16 is divided by 4?
0
What is the remainder when 235 is divided by 37?
13
Calculate the remainder when 200 is divided by 51.
47
Calculate the remainder when 98 is divided by 35.
28
Calculate the remainder when 125 is divided by 66.
59
What is the remainder when 68 is divided by 43?
25
Calculate the remainder when 33 is divided by 9.
6
Calculate the remainder when 622 is divided by 110.
72
What is the remainder when 135 is divided by 43?
6
What is the remainder when 2231 is divided by 41?
17
What is the remainder when 350 is divided by 11?
9
Calculate the remainder when 116 is divided by 7.
4
What is the remainder when 61 is divided by 3?
1
Calculate the remainder when 1625 is divided by 112.
57
Calculate the remainder when 2547 is divided by 1272.
3
Calculate the remainder when 106 is divided by 6.
4
Calculate the remainder when 1477 is divided by 40.
37
What is the remainder when 126 is divided by 32?
30
Calculate the remainder when 6369 is divided by 168.
153
What is the remainder when 1030 is divided by 172?
170
What is the remainder when 62 is divided by 33?
29
What is the remainder when 1942 is divided b